{"id":8,"date":"2012-06-13T16:19:15","date_gmt":"2012-06-13T13:19:15","guid":{"rendered":"http:\/\/kuppausf.asiakkaat.sigmatic.fi\/?page_id=8"},"modified":"2025-09-09T12:37:14","modified_gmt":"2025-09-09T09:37:14","slug":"hallitus","status":"publish","type":"page","link":"http:\/\/www.kuppaus.fi\/?page_id=8","title":{"rendered":"Hallitus"},"content":{"rendered":"<p><strong>Hallituksen j\u00e4senet vuonna 2025<\/strong><\/p>\n<p>Puheenjohtaja Mervi Hongisto<\/p>\n<p>Varapuheenjohtaja Maija Koivisto<\/p>\n<p>Sihteeri Hanne Stolt<\/p>\n<p>Taloudenhoitaja Merja Pihlajam\u00e4ki<\/p>\n<p>J\u00e4senrekisteri Teija Yl\u00e4ranta<\/p>\n<p>Hirudoterapia, Ihmiset Elina \u00c4ngeslev\u00e4<\/p>\n<p>Hirudoterapia, El\u00e4imet\u00a0 Monica Pihlajam\u00e4ki<\/p>\n","protected":false},"excerpt":{"rendered":"<p>Hallituksen j\u00e4senet vuonna 2025 Puheenjohtaja Mervi Hongisto Varapuheenjohtaja Maija Koivisto Sihteeri Hanne Stolt Taloudenhoitaja Merja Pihlajam\u00e4ki J\u00e4senrekisteri Teija Yl\u00e4ranta Hirudoterapia, Ihmiset Elina \u00c4ngeslev\u00e4 Hirudoterapia, El\u00e4imet\u00a0 Monica Pihlajam\u00e4ki<\/p>\n","protected":false},"author":1,"featured_media":0,"parent":0,"menu_order":0,"comment_status":"closed","ping_status":"open","template":"","meta":[],"_links":{"self":[{"href":"http:\/\/www.kuppaus.fi\/index.php?rest_route=\/wp\/v2\/pages\/8"}],"collection":[{"href":"http:\/\/www.kuppaus.fi\/index.php?rest_route=\/wp\/v2\/pages"}],"about":[{"href":"http:\/\/www.kuppaus.fi\/index.php?rest_route=\/wp\/v2\/types\/page"}],"author":[{"embeddable":true,"href":"http:\/\/www.kuppaus.fi\/index.php?rest_route=\/wp\/v2\/users\/1"}],"replies":[{"embeddable":true,"href":"http:\/\/www.kuppaus.fi\/index.php?rest_route=%2Fwp%2Fv2%2Fcomments&post=8"}],"version-history":[{"count":17,"href":"http:\/\/www.kuppaus.fi\/index.php?rest_route=\/wp\/v2\/pages\/8\/revisions"}],"predecessor-version":[{"id":769,"href":"http:\/\/www.kuppaus.fi\/index.php?rest_route=\/wp\/v2\/pages\/8\/revisions\/769"}],"wp:attachment":[{"href":"http:\/\/www.kuppaus.fi\/index.php?rest_route=%2Fwp%2Fv2%2Fmedia&parent=8"}],"curies":[{"name":"wp","href":"https:\/\/api.w.org\/{rel}","templated":true}]}}