{"id":65,"date":"2012-07-07T18:14:26","date_gmt":"2012-07-07T15:14:26","guid":{"rendered":"http:\/\/kuppausf.asiakkaat.sigmatic.fi\/?page_id=65"},"modified":"2026-01-16T19:12:33","modified_gmt":"2026-01-16T16:12:33","slug":"laitila-lohja","status":"publish","type":"page","link":"http:\/\/www.kuppaus.fi\/?page_id=65","title":{"rendered":"Livonsaari-Lohja-Lahti-M\u00e4ntyharju"},"content":{"rendered":"<p>Pirjo Utukka<br \/>\nKes\u00e4niemenpolku 27<br \/>\n08100 Lohja<br \/>\n0400 475455<\/p>\n<p><strong><br \/>\n<a href=\"http:\/\/www.travellamo.fi\">Maaria Al\u00e8n<\/a><br \/>\n<\/strong>Rentukankatu 8<br \/>\n15240 Lahti<br \/>\n040 7192848<\/p>\n<p>Sari Paaso<br \/>\nUustorpankatu 2 C 26<br \/>\n15300 Lahti<br \/>\n044 5250390<\/p>\n<p>Nina Mets\u00e4<br \/>\nVarpasen vanhatie 7<br \/>\n52700 M\u00e4ntyharju<br \/>\n040 7057115<\/p>\n<p>Pia Van Der Kamp<br \/>\nNummentie 73 A 1<br \/>\n08100 Lohja<br \/>\n050 4911556\u00a0 \/ 0500 210638<br \/>\n<a href=\"http:\/\/www.polarhealth.fi\">http:\/\/www.polarhealth.fi<\/a><\/p>\n","protected":false},"excerpt":{"rendered":"<p>Pirjo Utukka Kes\u00e4niemenpolku 27 08100 Lohja 0400 475455 Maaria Al\u00e8n Rentukankatu 8 15240 Lahti 040 7192848 Sari Paaso Uustorpankatu 2 C 26 15300 Lahti 044 5250390 Nina Mets\u00e4 Varpasen vanhatie 7 52700 M\u00e4ntyharju 040 7057115 Pia Van Der Kamp Nummentie 73 A 1 08100 Lohja 050 4911556\u00a0 \/ 0500 210638 http:\/\/www.polarhealth.fi<\/p>\n","protected":false},"author":1,"featured_media":0,"parent":39,"menu_order":6,"comment_status":"closed","ping_status":"open","template":"","meta":[],"_links":{"self":[{"href":"http:\/\/www.kuppaus.fi\/index.php?rest_route=\/wp\/v2\/pages\/65"}],"collection":[{"href":"http:\/\/www.kuppaus.fi\/index.php?rest_route=\/wp\/v2\/pages"}],"about":[{"href":"http:\/\/www.kuppaus.fi\/index.php?rest_route=\/wp\/v2\/types\/page"}],"author":[{"embeddable":true,"href":"http:\/\/www.kuppaus.fi\/index.php?rest_route=\/wp\/v2\/users\/1"}],"replies":[{"embeddable":true,"href":"http:\/\/www.kuppaus.fi\/index.php?rest_route=%2Fwp%2Fv2%2Fcomments&post=65"}],"version-history":[{"count":26,"href":"http:\/\/www.kuppaus.fi\/index.php?rest_route=\/wp\/v2\/pages\/65\/revisions"}],"predecessor-version":[{"id":792,"href":"http:\/\/www.kuppaus.fi\/index.php?rest_route=\/wp\/v2\/pages\/65\/revisions\/792"}],"up":[{"embeddable":true,"href":"http:\/\/www.kuppaus.fi\/index.php?rest_route=\/wp\/v2\/pages\/39"}],"wp:attachment":[{"href":"http:\/\/www.kuppaus.fi\/index.php?rest_route=%2Fwp%2Fv2%2Fmedia&parent=65"}],"curies":[{"name":"wp","href":"https:\/\/api.w.org\/{rel}","templated":true}]}}