{"id":486,"date":"2016-06-16T19:04:44","date_gmt":"2016-06-16T16:04:44","guid":{"rendered":"http:\/\/www.kuppaus.fi\/?page_id=486"},"modified":"2016-06-16T19:27:33","modified_gmt":"2016-06-16T16:27:33","slug":"suomen-kupparit-ja-saunaterapeutit-20-vuotta-logo","status":"publish","type":"page","link":"http:\/\/www.kuppaus.fi\/?page_id=486","title":{"rendered":"Suomen Kupparit ja Saunaterapeutit 20-vuotta"},"content":{"rendered":"<p>Olemme p\u00e4\u00e4sseet yhdistyksen kanssa t\u00e4ysi-ik\u00e4iseksi. Vietimme viime viikonloppuna 10-12.6.2016 yhdistyksen 20-vuotisjuhlia.\u00a0 Samalla Parkanon Saunaterapiaoppilaamme valmistuivat.\u00a0 Juhlapaikaksi olimme valitteet Jaulin k\u00e4mp\u00e4n, joka luonnon kauniilla paikalla, saunoineen ja virtaavine vesineen sopi juliemme kunniapaikaksi mit\u00e4 mainioimmin.\u00a0 Juhlijoiden joukossa oli viel\u00e4 nelj\u00e4 perustajaj\u00e4sent\u00e4, Asta Harju Kouvola, Maija Koivisto Lahti, Merja Pihlajam\u00e4ki Parkano ja Mervi Hongisto Turku.\u00a0 Saimme juhliimme my\u00f6s kunniavieraan, sill\u00e4 melkein kaikkien kuppareiden kouluttajan edesmenneen suurmiehen Kalervo Laakson poika Kalle-Hermanni Laakso oli paikalla.\u00a0 Seitsemisen kansallispuiston luontokeskuksessa j\u00e4rjestimme Kehosi Voima seminaarin ja luennoitsijana oli biosori Tapani Lahti, Natura Mediasta. \u00a0 <a href=\"http:\/\/www.kuppaus.fi\/wp-content\/uploads\/2016\/06\/IMG_2673.jpg\"><img loading=\"lazy\" class=\"aligncenter size-medium wp-image-490\" src=\"http:\/\/www.kuppaus.fi\/wp-content\/uploads\/2016\/06\/IMG_2673-300x200.jpg\" alt=\"IMG_2673\" width=\"300\" height=\"200\" srcset=\"http:\/\/www.kuppaus.fi\/wp-content\/uploads\/2016\/06\/IMG_2673-300x200.jpg 300w, http:\/\/www.kuppaus.fi\/wp-content\/uploads\/2016\/06\/IMG_2673-1024x682.jpg 1024w, http:\/\/www.kuppaus.fi\/wp-content\/uploads\/2016\/06\/IMG_2673-450x300.jpg 450w\" sizes=\"(max-width: 300px) 100vw, 300px\" \/><\/a><a href=\"http:\/\/www.kuppaus.fi\/wp-content\/uploads\/2016\/06\/IMG_2655.jpg\"><img loading=\"lazy\" class=\"aligncenter size-medium wp-image-492\" src=\"http:\/\/www.kuppaus.fi\/wp-content\/uploads\/2016\/06\/IMG_2655-300x200.jpg\" alt=\"IMG_2655\" width=\"300\" height=\"200\" srcset=\"http:\/\/www.kuppaus.fi\/wp-content\/uploads\/2016\/06\/IMG_2655-300x200.jpg 300w, http:\/\/www.kuppaus.fi\/wp-content\/uploads\/2016\/06\/IMG_2655-1024x682.jpg 1024w, http:\/\/www.kuppaus.fi\/wp-content\/uploads\/2016\/06\/IMG_2655-450x300.jpg 450w\" sizes=\"(max-width: 300px) 100vw, 300px\" \/><\/a><\/p>\n","protected":false},"excerpt":{"rendered":"<p>Olemme p\u00e4\u00e4sseet yhdistyksen kanssa t\u00e4ysi-ik\u00e4iseksi. Vietimme viime viikonloppuna 10-12.6.2016 yhdistyksen 20-vuotisjuhlia.\u00a0 Samalla Parkanon Saunaterapiaoppilaamme valmistuivat.\u00a0 Juhlapaikaksi olimme valitteet Jaulin k\u00e4mp\u00e4n, joka luonnon kauniilla paikalla, saunoineen ja virtaavine vesineen sopi juliemme kunniapaikaksi mit\u00e4 mainioimmin.\u00a0 Juhlijoiden joukossa oli viel\u00e4 nelj\u00e4 perustajaj\u00e4sent\u00e4, Asta Harju Kouvola, Maija Koivisto Lahti, Merja Pihlajam\u00e4ki Parkano ja Mervi Hongisto Turku.\u00a0 Saimme juhliimme my\u00f6s [&hellip;]<\/p>\n","protected":false},"author":2,"featured_media":0,"parent":0,"menu_order":0,"comment_status":"closed","ping_status":"closed","template":"","meta":[],"_links":{"self":[{"href":"http:\/\/www.kuppaus.fi\/index.php?rest_route=\/wp\/v2\/pages\/486"}],"collection":[{"href":"http:\/\/www.kuppaus.fi\/index.php?rest_route=\/wp\/v2\/pages"}],"about":[{"href":"http:\/\/www.kuppaus.fi\/index.php?rest_route=\/wp\/v2\/types\/page"}],"author":[{"embeddable":true,"href":"http:\/\/www.kuppaus.fi\/index.php?rest_route=\/wp\/v2\/users\/2"}],"replies":[{"embeddable":true,"href":"http:\/\/www.kuppaus.fi\/index.php?rest_route=%2Fwp%2Fv2%2Fcomments&post=486"}],"version-history":[{"count":4,"href":"http:\/\/www.kuppaus.fi\/index.php?rest_route=\/wp\/v2\/pages\/486\/revisions"}],"predecessor-version":[{"id":493,"href":"http:\/\/www.kuppaus.fi\/index.php?rest_route=\/wp\/v2\/pages\/486\/revisions\/493"}],"wp:attachment":[{"href":"http:\/\/www.kuppaus.fi\/index.php?rest_route=%2Fwp%2Fv2%2Fmedia&parent=486"}],"curies":[{"name":"wp","href":"https:\/\/api.w.org\/{rel}","templated":true}]}}